{"id":8328,"date":"2025-02-26T11:33:08","date_gmt":"2025-02-26T10:33:08","guid":{"rendered":"https:\/\/bjoern-babbe.de\/?page_id=8328"},"modified":"2025-12-02T08:27:54","modified_gmt":"2025-12-02T07:27:54","slug":"impressum-3","status":"publish","type":"page","link":"https:\/\/bjoern-babbe.de\/?page_id=8328","title":{"rendered":"Impressum"},"content":{"rendered":"\r\n<p>Impressum<\/p>\r\n\r\n\r\n\r\n<p><br \/>Bj\u00f6rn Babbe<br \/>BBC &#8211; Bj\u00f6rn Babbe Consulting<br \/>Engler Stra\u00dfe 12<br \/>49143 Bissendorf<\/p>\r\n\r\n\r\n\r\n<p><br \/>Kontakt<br \/>Telefon: <a href=\"tel:+4917620178325\">+49 176 2017 8325<\/a><br \/>E-Mail: bb@bjoern-babbe.de<\/p>\r\n\r\n\r\n\r\n<p><br \/>EU-Streitschlichtung<br \/>Die Europ\u00e4ische Kommission stellt eine Plattform zur Online-Streitbeilegung (OS) bereit:<br \/>https:\/\/ec.europa.eu\/consumers\/odr\/.<\/p>\r\n\r\n\r\n\r\n<p><br \/>Unsere E-Mail-Adresse finden Sie oben im Impressum.<\/p>\r\n\r\n\r\n\r\n<p><br \/>Verbraucherstreitbeilegung\/Universalschlichtungsstelle<br \/>Wir sind nicht bereit oder verpflichtet, an Streitbeilegungsverfahren vor einer<br \/>Verbraucherschlichtungsstelle teilzunehmen.<\/p>\r\n\r\n\r\n\r\n<p><br \/>Quelle:<br \/>eRecht24<\/p>\r\n","protected":false},"excerpt":{"rendered":"<p>Impressum Bj\u00f6rn BabbeBBC &#8211; Bj\u00f6rn Babbe ConsultingEngler Stra\u00dfe 1249143 Bissendorf KontaktTelefon: +49 176 2017 8325E-Mail: bb@bjoern-babbe.de EU-StreitschlichtungDie Europ\u00e4ische Kommission stellt eine Plattform zur Online-Streitbeilegung (OS) bereit:https:\/\/ec.europa.eu\/consumers\/odr\/. Unsere E-Mail-Adresse finden Sie oben im Impressum. Verbraucherstreitbeilegung\/UniversalschlichtungsstelleWir sind nicht bereit oder verpflichtet, an Streitbeilegungsverfahren vor einerVerbraucherschlichtungsstelle teilzunehmen. Quelle:eRecht24<\/p>\n","protected":false},"author":2,"featured_media":0,"parent":0,"menu_order":0,"comment_status":"closed","ping_status":"closed","template":"","meta":{"footnotes":""},"class_list":["post-8328","page","type-page","status-publish","hentry"],"_links":{"self":[{"href":"https:\/\/bjoern-babbe.de\/index.php?rest_route=\/wp\/v2\/pages\/8328","targetHints":{"allow":["GET"]}}],"collection":[{"href":"https:\/\/bjoern-babbe.de\/index.php?rest_route=\/wp\/v2\/pages"}],"about":[{"href":"https:\/\/bjoern-babbe.de\/index.php?rest_route=\/wp\/v2\/types\/page"}],"author":[{"embeddable":true,"href":"https:\/\/bjoern-babbe.de\/index.php?rest_route=\/wp\/v2\/users\/2"}],"replies":[{"embeddable":true,"href":"https:\/\/bjoern-babbe.de\/index.php?rest_route=%2Fwp%2Fv2%2Fcomments&post=8328"}],"version-history":[{"count":5,"href":"https:\/\/bjoern-babbe.de\/index.php?rest_route=\/wp\/v2\/pages\/8328\/revisions"}],"predecessor-version":[{"id":8389,"href":"https:\/\/bjoern-babbe.de\/index.php?rest_route=\/wp\/v2\/pages\/8328\/revisions\/8389"}],"wp:attachment":[{"href":"https:\/\/bjoern-babbe.de\/index.php?rest_route=%2Fwp%2Fv2%2Fmedia&parent=8328"}],"curies":[{"name":"wp","href":"https:\/\/api.w.org\/{rel}","templated":true}]}}